9
What are the prime factors of 29515763?
29515763
List the prime factors of 446445578.
2, 2063, 108203
What are the prime factors of 3280074477?
3, 1093358159
What are the prime factors of 55270774?
2, 13, 17, 9619
What are the prime factors of 50081176?
2, 991, 6317
List the prime factors of 2573830312.
2, 353, 911413
List the prime factors of 24186723.
3, 11, 149, 4919
List the prime factors of 107564633.
11, 263, 37181
List the prime factors of 21640936.
2, 827, 3271
What are the prime factors of 2574487943?
2574487943
What are the prime factors of 36213461?
103, 351587
What are the prime factors of 54273052?
2, 43, 97, 3253
What are the prime factors of 4634273792?
2, 83, 137, 199
What are the prime factors of 2327363956?
2, 581840989
List the prime factors of 169834736.
2, 37, 61, 4703
List the prime factors of 43468717.
2137, 20341
What are the prime factors of 78541731?
3, 11971
List the prime factors of 1199465339.
59, 20329921
List the prime factors of 172055283.
3, 17, 191, 1039
List the prime factors of 219030839.
17, 67, 103, 1867
List the prime factors of 75430706.
2, 13, 2901181
List the prime factors of 507781528.
2, 63472691
What are the prime factors of 87106993?
31, 2809903
List the prime factors of 82557530.
2, 5, 11, 463, 1621
What are the prime factors of 161196778?
2, 80598389
List the prime factors of 507827772.
2, 3, 4702109
What are the prime factors of 536228911?
536228911
What are the prime factors of 899013676?
2, 11, 1831, 11159
List the prime factors of 519501386.
2, 37, 7020289
List the prime factors of 471075983.
7, 71, 449, 2111
List the prime factors of 2206857440.
2, 5, 131, 211, 499
What are the prime factors of 2328042647?
7, 6521, 51001
What are the prime factors of 64294772?
2, 16073693
What are the prime factors of 113218216?
2, 179, 79063
List the prime factors of 1126570268.
2, 19, 23, 644491
List the prime factors of 136733243.
136733243
What are the prime factors of 290094155?
5, 13, 1291, 3457
List the prime factors of 93526719.
3, 11, 13, 311, 701
List the prime factors of 269330295.
3, 5, 13, 239, 5779
What are the prime factors of 31120491?
3, 131, 79187
What are the prime factors of 87846980?
2, 5, 13, 337873
What are the prime factors of 3422232758?
2, 7, 79, 3094243
What are the prime factors of 752819004?
2, 3, 7, 29, 31, 3323
List the prime factors of 3090180744.
2, 3, 7, 6131311
List the prime factors of 983251860.
2, 3, 5, 163, 100537
What are the prime factors of 675543074?
2, 23, 283, 51893
What are the prime factors of 345968488?
2, 3041, 14221
List the prime factors of 125749591.
11, 59, 71, 2729
What are the prime factors of 255936440?
2, 5, 97, 65963
What are the prime factors of 3734872?
2, 466859
What are the prime factors of 31660301?
31660301
List the prime factors of 555919201.
555919201
List the prime factors of 3030447276.
2, 3, 71, 227, 1741
What are the prime factors of 45425862?
2, 3, 37, 68207
List the prime factors of 1593583372.
2, 10889, 36587
List the prime factors of 53379308.
2, 37, 101, 3571
What are the prime factors of 72052836?
2, 3, 23, 261061
What are the prime factors of 171029651?
13, 37, 355571
List the prime factors of 126272844.
2, 3, 29, 89, 151
What are the prime factors of 110913509?
7, 191, 1693
List the prime factors of 282775573.
197, 1435409
What are the prime factors of 271323120?
2, 3, 5, 43, 61, 431
List the prime factors of 270518879.
270518879
What are the prime factors of 436998085?
5, 167, 523351
What are the prime factors of 256934660?
2, 5, 37, 347209
What are the prime factors of 2643774627?
3, 13, 19, 3567847
What are the prime factors of 273424483?
23, 107, 111103
What are the prime factors of 1636342317?
3, 6733919
List the prime factors of 135446644.
2, 181, 187081
What are the prime factors of 49972617?
3, 2143, 2591
What are the prime factors of 13647545?
5, 29, 94121
What are the prime factors of 281481852?
2, 3, 17, 1379813
What are the prime factors of 247927832?
2, 31, 223, 4483
List the prime factors of 97478338.
2, 29, 281, 5981
What are the prime factors of 957920944?
2, 59870059
What are the prime factors of 957935514?
2, 3, 79, 2020961
What are the prime factors of 186318785?
5, 43, 887, 977
What are the prime factors of 4024674236?
2, 11, 91469869
What are the prime factors of 67618283?
19, 223, 15959
List the prime factors of 656002877.
656002877
What are the prime factors of 1053932360?
2, 5, 13, 127, 15959
List the prime factors of 130668899.
130668899
List the prime factors of 3742412997.
3, 17, 73380647
List the prime factors of 157003406.
2, 7, 31, 43, 47, 179
What are the prime factors of 1103846412?
2, 3, 91987201
What are the prime factors of 316274125?
5, 2530193
List the prime factors of 5600283458.
2, 7, 11, 36365477
List the prime factors of 2837209222.
2, 3539, 400849
List the prime factors of 515530755.
3, 5, 11456239
List the prime factors of 3312776967.
3, 1104258989
What are the prime factors of 907021935?
3, 5, 127, 52903
What are the prime factors of 3374111662?
2, 29, 521, 111659
What are the prime factors of 540811918?
2, 389, 695131
What are the prime factors of 64129448?
2, 103, 223, 349
List the prime factors of 155703548.
2, 7, 11, 13, 37, 1051
List the prime factors of 62177127.
3, 20725709
List the prime factors of 85688561.
7, 12241223
What are the prime factors of 182913167?
367, 498401
List the prime factors of 426517098.
2, 3, 7, 199, 51031
List the prime factors of 508099684.
2, 1097, 115793
List the prime factors of 3058916549.
13, 29, 8113837
What are the prime factors of 211694002?
2, 13, 8142077
List the prime factors of 2463312589.
19, 129648031
What are the prime factors of 6773991444?
2, 3, 11, 227, 2791
What are the prime factors of 835146248?
2, 103, 1013527
What are the prime factors of 23688633?
3, 17, 464483
What are the prime factors of 1045460454?
2, 3, 174243409
List the prime factors of 4896620.
2, 5, 103, 2377
What are the prime factors of 366439876?
2, 11, 2633, 3163
What are the prime factors of 112850751?
3, 13, 167, 17327
What are the prime factors of 210118369?
29, 7245461
What are the prime factors of 519461314?
2, 259730657
List the prime factors of 279426478.
2, 59, 929, 2549
What are the prime factors of 50232477?
3, 2749, 6091
What are the prime factors of 47770714?
2, 17, 29, 48449
List the prime factors of 2918358046.
2, 1459179023
What are the prime factors of 1017741888?
2, 3, 43, 13697
What are the prime factors of 198654451?
198654451
What are the prime factors of 813377667?
3, 271125889
List the prime factors of 72546859.
7, 11, 942167
What are the prime factors of 3501967398?
2, 3, 3823, 152671
List the prime factors of 2788408165.
5, 503, 1108711
What are the prime factors of 218102566?
2, 11, 9913753
What are the prime factors of 844850758?
2, 2311, 182789
List the prime factors of 78680971.
78680971
What are the prime factors of 749481461?
97, 421, 18353
What are the prime factors of 119871295?
5, 3469, 6911
What are the prime factors of 1006043452?
2, 251510863
What are the prime factors of 463493027?
463493027
List the prime factors of 3026220293.
757, 3997649
What are the prime factors of 2185446824?
2, 11, 2257693
List the prime factors of 27540810.
2, 3, 5, 11, 281
List the prime factors of 14858842.
2, 7429421
List the prime factors of 10989764.
2, 2747441
List the prime factors of 2061504075.
3, 5, 137, 313, 641
What are the prime factors of 220341537?
3, 13, 19, 99119
List the prime factors of 1200550440.
2, 3, 5, 1523, 6569
What are the prime factors of 4485089296?
2, 239, 293, 4003
What are the prime factors of 57991218?
2, 3, 59, 107, 1531
What are the prime factors of 940040807?
31, 53, 727, 787
List the prime factors of 2841508990.
2, 5, 284150899
What are the prime factors of 5376972806?
2, 17, 1373, 115183
List the prime factors of 92690371.
1217, 76163
What are the prime factors of 1838733440?
2, 5, 1693, 1697
What are the prime factors of 875505021?
3, 41, 7117927
What are the prime factors of 59677158?
2, 3, 9946193
List the prime factors of 558025386.
2, 3, 137, 521, 1303
List the prime factors of 1427168282.
2, 713584141
List the prime factors of 25554644.
2, 41, 155821
What are the prime factors of 454899994?
2, 1753, 129749
Li